s of c.
2, 13
Let t(j) = j**2 - 12*j + 3. Let r be t(12). Let m be (1*r)/(21/(-280)). Let f = m - -59. What are the prime factors of f?
19
Let x be -2 + 19 - (-1 - 0). Suppose 4*r - 2*m + 0*m = 20, -5*m = -r + 14. List the prime factors of -3 + x*10/r.
2, 3, 7
Suppose j - 2*y = 22, -5*y - 31 = -0*j - j. Let c = -19 + j. What are the prime factors of 48 - (c + (3 - 0))?
2, 3
Suppose 11*l - 16*l + 6692 = 3*b, -4*b - 2682 = -2*l. What are the prime factors of l?
13, 103
Suppose -4*m - 5*u = 7, 0 = 2*m - u - u + 8. Let c be 35/10 - m/(-6). Suppose c*f = 3*t - 12, t - 16 = -3*t + 5*f. List the prime factors of t.
2
Let f(i) be the first derivative of 1/3*i**3 - 1/2*i**2 + 2 - 3*i. List the prime factors of f(6).
3
Let p(b) = -b**3 - 12*b**2 + 3*b - 54. List the prime factors of p(-13).
2, 19
Suppose -r - 2*f = -5, -2*r - r = 4*f - 21. Let s(j) = j + 25. Let h be s(-5). Let p = h + r. List the prime factors of p.
31
Let w = -5 - 7. Let p(o) = -2*o**2 - 28*o - 18. What are the prime factors of p(w)?
2, 3, 5
Let c(b) = b. Let f be c(3). Suppose 5*u = f*u - 82. Let g = u + 74. What are the prime factors of g?
3, 11
Let r(o) = 6*o**2 + 6*o - 15. Let w be r(-8). Let h = w - 160. What are the prime factors of h?
7, 23
Suppose 89*c + 4*k - 13484 = 85*c, 6 = -2*k. List the prime factors of c.
2, 7, 241
Suppose 2*r + 3*r + 115 = 0. Suppose -2*y + 10 = -0*y. Let o = y - r. What are the prime factors of o?
2, 7
Let l = -20 + 11. Suppose -3*g + 3*h = h - 78, 0 = -2*h. Let w = l + g. List the prime factors of w.
17
Let s be 0 - (-6 - -3 - -1). Let i(a) = 3*a**3 - 2*a**2 - a - 2. Let g be i(s). What are the prime factors of ((-4)/g)/((-1)/21)?
7
Suppose -3*t + 5*u = -14, 3*t + u = 2*t + 2. Suppose -t*c = -c - 294. Suppose -4*o + c = -57. List the prime factors of o.
3, 17
Let j be -10*(4 - 112/20). What are the prime factors of (-312)/j*(-3 - -1)?
3, 13
Suppose 0 = -b - 5*b + 6. List the prime factors of (b + 2/(-10))/(4/710).
2, 71
Let k(s) = -s**3 + 6*s**2 - 6*s + 8. List the prime factors of k(5).
3
Let i(x) = -540*x - 944. What are the prime factors of i(-6)?
2, 7, 41
Suppose t = 3*h + 645 - 3170, 4*h - 5*t - 3374 = 0. List the prime factors of h.
29
Suppose -3*f + 0*f - 2*h + 17 = 0, -2*f - h = -11. Suppose f*a - 2*a = 21. List the prime factors of a.
7
Suppose 0 = -5*b - c + 2*c + 11344, -2*b + c + 4537 = 0. List the prime factors of b.
2269
Let y be (14/35)/((-1)/(-5)). Suppose -y*r + 132 = r. List the prime factors of r.
2, 11
Suppose 4*p - 452 = 4*n - 0*n, -5*p = 4*n - 538. Let l = p + 57. What are the prime factors of l?
167
Let h = -21 - -34. Suppose 8*u = 259 + h. List the prime factors of u.
2, 17
Let s be (-3815)/(-15) + (-33)/(-9) + -3. Suppose 11*u = 6*u + s. List the prime factors of u.
3, 17
Suppose -4*b = -b - 12. Suppose 138 + 1214 = -b*f. List the prime factors of 1/(-6) + f/(-12).
2, 7
Let j = -38 + 26. Let b(v) = 2*v + 12. Let c(d) = d + 6. Let r(q) = -4*b(q) + 7*c(q). List the prime factors of r(j).
2, 3
List the prime factors of -2 - (5 - 65 - -6).
2, 13
Let b = 96 + -77. List the prime factors of (-5 + 44)*b/3.
13, 19
Let d = 681 + -463. What are the prime factors of d?
2, 109
Suppose -79*f + 86*f - 14 = 0. Let o = -2 + 2. Suppose i + 5*n - 2 = o, i - 42 = 3*n + f*n. List the prime factors of i.
2, 11
Let f(l) = -l + 1. Let n be f(0). Let h be n/(((-15)/174)/5). Let w = -39 - h. What are the prime factors of w?
19
Let f(g) = -33*g + 130. List the prime factors of f(-12).
2, 263
Suppose -80*t - 9432 = -88*t. List the prime factors of t.
3, 131
Let n(h) = 2*h**2 - 11*h - 5. Suppose -3*r + 0*u + u = -32, -5*r = -4*u - 65. List the prime factors of n(r).
2, 29
Let r be 884/(-24) - (-5)/6. List the prime factors of 2/(((-1)/(-183))/((-6)/r)).
61
Suppose 5*r + 26 = 2*z, -2*z = -z + 2*r - 31. Suppose -5 = j - z. List the prime factors of j.
2, 3
Let y be -3 + (2/(-4))/((-3)/(-1182)). Let x = y - -371. What are the prime factors of x?
3, 19
Let x be (-6)/((-3)/1) - -2. Suppose -2*d - 16 = 2*d, 3*d + 84 = x*k. Suppose -13*b = -15*b + k. List the prime factors of b.
3
Let b = -108 - -117. What are the prime factors of 1/(-12)*-4 - (-897)/b?
2, 5
Suppose -5*t + 3*a + 10 + 10 = 0, t - 4 = -5*a. Suppose -4*r - 125 = -j - 2*r, t*j - 5*r = 494. List the prime factors of j.
11
Let a be (0/15)/(1*-3). Suppose a = -9*b + 3*b + 12. Suppose b*g + 26 = n - 13, -4*n + g + 142 = 0. List the prime factors of n.
5, 7
Let b be ((-4 - -1)/3)/(2/(-10)). Suppose -b*j + 498 = 4*t, -j - 4*j = 10. What are the prime factors of t?
127
Suppose -9*o - 956 = -1010. Let v = 3 - -30. Let b = o + v. List the prime factors of b.
3, 13
Let j be (-11 + 3 + 0)/(-2). Let n(z) = -5*z + 1 + j*z - 4 + 2. What are the prime factors of n(-6)?
5
List the prime factors of 4*9 + (-88)/22.
2
Let m(l) = l**3 + 9*l**2 - 11*l - 8. Let o be m(-10). Suppose 3*c = 4*i - 0*i + 191, 3*i = o*c - 128. List the prime factors of c.
61
Suppose 443 = k + q, k = 4*q + 199 + 249. Suppose 0 = -i + g + 295 - 73, -2*i - 2*g + k = 0. What are the prime factors of i?
2, 3, 37
Let z(n) = -n + 2. Let a(g) = -g + 2. Let d(m) = 4*a(m) - 3*z(m). Let w be d(-1). Suppose -24 - 36 = -w*s. What are the prime factors of s?
2, 5
Let t = -14 - -15. Let k = t + -2. List the prime factors of -41*(-2 - k) - 4.
37
Suppose -5*y + 3*u = -1804, 4*y - 1451 = 3*u + 2*u. List the prime factors of y.
359
Let i = -933 + 3980. List the prime factors of i.
11, 277
Suppose -126*l + 128*l - 3088 = 0. What are the prime factors of l?
2, 193
Let s = -34 - -46. Let w be (11 - s)*(-9 - 1). What are the prime factors of 3/5 - (-554)/w?
2, 7
Suppose -4*c - 4*f = -1050 - 266, 983 = 3*c + f. List the prime factors of c.
3, 109
Suppose 5*i + 128 = 9*i. What are the prime factors of i?
2
Let p(k) = -1. Let b(d) = -2*d**3 - 2*d**2 + 3*d + 2. Let s = -22 + 17. Let w(j) = s*p(j) - b(j). What are the prime factors of w(2)?
3, 7
Let k(h) = -h**2 - h + 16. Let w be k(-4). Let i(t) = -14. Let c(p) = -p + 1. Let n(o) = -3*c(o) - i(o). What are the prime factors of n(w)?
23
Let a be -1 + (3 - (-4 - -2)). Let u = -124 + 128. Suppose 5*j - 75 = -c + 37, -a*j + 96 = u*c. List the prime factors of j.
2, 11
Let r(s) = s**2 - 4*s - 14. Let o be r(7). Let i(w) = w**3 - 6*w**2 + 4*w - 4. What are the prime factors of i(o)?
73
Suppose -3*k + 5*w + 156 + 3465 = 0, 3*k - 3*w = 3621. What are the prime factors of k?
17, 71
Let z = -707 + 2351. What are the prime factors of z?
2, 3, 137
Let m(l) = l**3 - 2*l**2 + l + 1. Let y be m(2). Suppose -3*z - 2*s + s = -13, 0 = -y*z - 2*s + 11. What are the prime factors of (1 - z*6)/(-1)?
29
What are the prime factors of -6 + 1561 + 13 + 4?
2, 3, 131
Let s(h) be the third derivative of h**5/60 + h**4/12 + 5*h**3/6 - 8*h**2. Let g = -6 - -2. What are the prime factors of s(g)?
13
Suppose 5*o - 3*s - 832 = -6*s, -5*o + 833 = 2*s. What are the prime factors of o?
167
Suppose 21*l - 22*l + 142 = 0. List the prime factors of l.
2, 71
Suppose 1328 = -24*x + 19472. What are the prime factors of x?
2, 3, 7
Let m(p) = -p. Let o(t) = -4*t - 7. Let x(y) = -2*m(y) - o(y). Let z be x(-4). Let g(r) = -2*r + 10. List the prime factors of g(z).
2, 11
Let b = -10 - -14. Suppose b*v = 2*n + 18, -4*v = -0*v - 3*n - 19. Suppose 2*o - 36 = -t, v*t - 10 - 14 = -2*o. List the prime factors of o.
2, 5
Let x(q) = -3*q - 4. Let s be x(8). List the prime factors of (-8)/s + (-178)/(-14).
13
Let x = 6 - -251. List the prime factors of x.
257
Suppose 0 = -4*l - 4*n + 14 + 6, 5*l - 2*n = 11. Suppose -2*h + h + 7 = 3*m, l*m + 2*h - 2 = 0. List the prime factors of m/(-8)*4 + 38.
2, 3
Suppose -2*y + 18 = y. Let h(r) = 2*r**3 - 3*r**3 - 5*r**2 - 7*r + 8 + 2*r**3. What are the prime factors of h(y)?
2
Let t = 57 + -55. Suppose 207 = t*j - 161. What are the prime factors of j?
2, 23
Let f = 51 - 52. List the prime factors of (1 - f)*(-9)/((-144)/536).
67
Let a(n) = 45*n**2 + 146*n - 4. What are the prime factors of a(6)?
2, 7, 89
Suppose 2*s = -21*a + 23*a - 2604, 2*a = s + 2603. What are the prime factors of a?
1301
Let g(t) = -t**3 + 15*t**2 - 11*t - 30. Let i be g(14). List the prime factors of (i/3)/(-1) + 90.
2, 43
Suppose 4*b + 4*x = 72, 4*b - 6*x = -x + 36. Let a be 4/b - 38/(-14). Suppose -4*m = -8, 2*m - 15 = -a*t - m. List the prime factors of t.
